of 3098952?
True
Is 136 a factor of 1717312664?
True
Does 58 divide 52590762?
False
Is 11 a factor of 143712969?
False
Is 30 a factor of 3987962010?
True
Is 1633744902 a multiple of 5?
False
Is 212 a factor of 118963415?
False
Does 179 divide 45638564?
False
Does 252 divide 1720404?
True
Is 490246533 a multiple of 8?
False
Is 55605186 a multiple of 747?
True
Does 5 divide 3416745?
True
Is 1447 a factor of 1144877620?
False
Is 86 a factor of 2760797714?
True
Is 115 a factor of 1708976475?
True
Is 187 a factor of 2090964655?
False
Is 1931971765 a multiple of 3665?
True
Is 37680001 a multiple of 31?
False
Does 140 divide 5448800?
True
Does 52 divide 45090400?
False
Does 54 divide 2373596696?
False
Is 354 a factor of 234261978?
True
Is 37 a factor of 12987592?
True
Is 11546799 a multiple of 10?
False
Does 8 divide 20326396?
False
Is 211 a factor of 66386392?
False
Is 1350 a factor of 491549850?
True
Does 1100 divide 1044772557?
False
Is 49 a factor of 3128307?
True
Does 10 divide 30349280?
True
Is 520292286 a multiple of 18?
True
Does 6787 divide 205632526?
True
Does 1287 divide 255773232?
True
Does 44 divide 195163941?
False
Is 297494853 a multiple of 616?
False
Is 200 a factor of 3395400?
True
Is 11 a factor of 2519349704?
False
Does 2808 divide 471982437?
False
Is 1868 a factor of 833449144?
False
Is 103 a factor of 7526519?
True
Does 37 divide 149578751?
False
Is 175322300 a multiple of 25?
True
Does 601 divide 10672465?
False
Does 72 divide 91683899?
False
Is 667687256 a multiple of 5374?
True
Is 34947342 a multiple of 17?
True
Does 25 divide 275445023?
False
Is 145028268 a multiple of 6?
True
Is 7 a factor of 461543936?
True
Does 33 divide 155236744?
False
Is 468 a factor of 5409612?
True
Is 36 a factor of 7815254?
False
Is 762666808 a multiple of 20?
False
Does 84 divide 58277079?
False
Is 2179 a factor of 544774440?
False
Is 370832 a multiple of 946?
True
Is 2492 a factor of 259110684?
True
Is 50930391 a multiple of 761?
False
Is 12626711 even?
False
Is 1431892 a multiple of 14?
True
Is 107425045 a multiple of 393?
False
Does 418 divide 61607348?
True
Is 3 a factor of 544751853?
True
Is 57 a factor of 128377897?
False
Is 5 a factor of 47816807?
False
Does 698 divide 16411376?
True
Does 3 divide 47012445?
True
Is 654 a factor of 2614111?
False
Does 444 divide 75027564?
True
Is 1972809 a multiple of 62?
False
Does 12 divide 190021872?
True
Does 288 divide 1436398560?
True
Is 217721931 a multiple of 7?
True
Is 22801924 a multiple of 535?
False
Does 13 divide 74400704?
False
Is 36550681 a multiple of 146?
False
Is 207694333 a multiple of 25?
False
Is 91 a factor of 189206233?
False
Does 277 divide 6833489172?
True
Is 17 a factor of 246133156?
False
Is 1211 a factor of 2138973557?
True
Is 6 a factor of 1830132?
True
Is 1154809596 a multiple of 708?
True
Is 67923167 a multiple of 13?
True
Is 1561 a factor of 1682077659?
False
Does 5 divide 296801102?
False
Does 588 divide 29573460?
True
Does 4187 divide 1060952304?
True
Is 63 a factor of 4839660?
True
Is 13 a factor of 544969932?
True
Is 144560160 a multiple of 9?
True
Is 461548176 a multiple of 6?
True
Is 342361980 a multiple of 1530?
True
Is 8151783 a multiple of 257?
True
Is 30530978 a multiple of 1761?
False
Does 6 divide 277495164?
True
Is 22276782 a multiple of 463?
True
Does 415 divide 118248855?
True
Does 60 divide 225468537?
False
Is 840551616 a multiple of 24?
True
Is 203 a factor of 436098607?
True
Is 57360460 a multiple of 148?
False
Is 44 a factor of 4961126431?
False
Is 84101309 a multiple of 1043?
False
Does 51 divide 81379374?
True
Is 18 a factor of 519813702?
True
Is 148331600 a multiple of 80?
True
Is 4463 a factor of 404258540?
True
Does 67 divide 127806188?
False
Does 145 divide 980635?
True
Is 258 a factor of 315045101?
False
Does 3 divide 83502023?
False
Does 18 divide 595006881?
False
Is 3 a factor of 10059072?
True
Is 54 a factor of 173088667?
False
Is 429665349 a multiple of 1327?
True
Is 33603986 a multiple of 25?
False
Is 452 a factor of 14672187?
False
Is 6892725 a multiple of 39?
False
Is 94 a factor of 111849378?
True
Is 442159072 a multiple of 848?
True
Does 33 divide 369500564?
False
Is 72727275 a multiple of 29?
False
Is 19 a factor of 15326980?
False
Does 21 divide 100237368?
True
Is 3018 a factor of 286508833?
False
Is 320977697 a multiple of 1655?
False
Is 9 a factor of 24748658?
False
Is 197 a factor of 54270917?
False
Does 2 divide 8544269?
False
Is 1612909778 a multiple of 8?
False
Is 13 a factor of 6047970?
False
Is 12369 a factor of 181388330?
False
Does 6 divide 25354683?
False
Is 9 a factor of 13506678?
True
Is 5 a factor of 19782867?
False
Does 112 divide 1183533568?
True
Is 51 a factor of 242462466?
True
Does 384 divide 49543785?
False
Does 11192 divide 3790528944?
True
Is 198 a factor of 79263271?
False
Is 4829245260 a multiple of 15?
True
Is 4715111986 a multiple of 30?
False
Is 129 a factor of 194719171?
False
Is 4638 a factor of 740065287?
False
Is 156 a factor of 81420612?
True
Is 218794572 a multiple of 28?
False
Is 4996753 a multiple of 19?
True
Does 32 divide 134175168?
True
Does 166 divide 18483602?
True
Is 74443026 a multiple of 98?
False
Is 4564857 a multiple of 103?
True
Is 2568 a factor of 151494024?
True
Is 86767690 a multiple of 19?
False
Is 595909426 a multiple of 14?
True
Is 340914532 a multiple of 1162?
True
Is 5056688 a multiple of 23?
True
Is 181 a factor of 72298824?
False
Does 1980 divide 93329432?
False
Is 1461925426 a multiple of 9733?
False
Is 490098468 a multiple of 83?
False
Does 473 divide 982762979?
True
Is 14 a factor of 14212422?
True
Is 28257076 a multiple of 3?
False
Does 12 divide 614470815?
False
Is 1828728693 a multiple of 233?
True
Is 4623880 a multiple of 134?
False
Is 551305054 a multiple of 26?
False
Is 220561210 a multiple of 27?
False
Does 479 divide 93721228?
False
Is 496477080 a multiple of 13035?
True
Is 1103 a factor of 6397534?
False
Is 55651552 a multiple of 167?
False
Is 2378489188 a multiple of 16?
False
Is 79 a factor of 2764879999?
True
Is 3930 a factor of 104549790?
True
Does 8 divide 251717332?
False
Is 281279520 a multiple of 1766?
False
Does 4 divide 13464796?
True
Does 75 divide 6626625?
True
Is 550804144 a multiple of 233?
False
Is 130 a factor of 39246001?
False
Is 99 a factor of 39650589?
True
Does 6785 divide 2369301645?
True
Is 15 a factor of 210052776?
False
Is 2394256233 a multiple of 1633?
False
Does 69 divide 236785754?
False
Is 392 a factor of 427818946?
False
Is 7004 a factor of 407513732?
True
Is 116960515 a multiple of 5?
True
Is 5036580 a multiple of 163?
False
Is 22638731 a multiple of 103?
False
Does 106 divide 34107841?
False
Is 63373765 a multiple of 1085?
True
Does 16 divide 81517808?
True
Does 16 divide 5036650704?
True
Is 581 a factor of 168140819?
True
Is 20655712 a multiple of 154?
True
Does 678 divide 155323133?
False
Does 38 divide 62859886?
False
Is 336 a factor of 21748782?
False
Does 487 divide 27302194?
True
Does 2283 divide 186245639?
False
Is 55253940 a multiple of 15?
True
Does 176 divide 70059576?
False
Is 5902832 a multiple of 1352?
True
Is 1030 a factor of 615487524?
False
Is 21468695 a multiple of 2?
False
Is 462473745 a multiple of 118?
False
Does 34 divide 17655078?
True
Does 540 divide 121625820?
True
Is 293 a factor of 95722807?
True
Does 17 divide 293991568?
False
Is 1172124 a multiple of 103?
False
Is 138 a factor of 1492000157?
False
Does 14 divide 5353932?
False
Does 340 divide 66021880?
True
Is 161053200 a multiple of 2739?
True
Is 42 a factor of 1744720802?
False
Is 19416000 a multiple of 2?
True
Does 2484 divide 4444027524?
True
Is 152783356 a multiple of 1016?
False
Is 45118190 a multiple of 26?
True
Is 6742112 a multiple of 104?
True
Does 2194 divide 853373429?
False
Is 68 a factor of 17178296?
True
Is 10546170 a multiple of 206?
True
Does 3840 divide 2152328721?
False
Is 338006745 a multiple of 45?
True
Is 131356194 a multiple of 88?
False
Does 6713 divide 278267276?
True
Is 70 a factor of 9088170?
True
Does 91 divide 964594085?
True
Is 1590 a factor of 6615990?
True
Is 1072 a factor of 141305097?
False
Is 1260 a factor of 24034623?
False
Does 763 divide 1180810552?
False
Does 217 divide 19917128?
True
Is 250 a factor of 6446095?
False
Is 13